d g?
9
Let u(x) = x**3 - 2*x**2 - 6*x + 2. Let m be u(4). Calculate the greatest common divisor of 50 and m.
10
Suppose 22 = 3*m - 11. Calculate the greatest common divisor of 77 and m.
11
Let n be (4/(-5))/((-1)/20). Let k(g) = -3*g - 5*g**2 - 4*g**2 - 6*g - 1 - g**3. Let c be k(-9). What is the highest common factor of c and n?
16
Let k(y) = -4*y + 3. Let d be k(-6). Let a = d + -12. Calculate the highest common factor of a and 135.
15
Let t be 68/6 + (-2)/6. Let l = 11 + 66. What is the highest common factor of l and t?
11
Let d(k) = k - 3*k - 3*k + k**2. Let w be d(5). Suppose 198 = -w*l + 2*l. Calculate the greatest common divisor of l and 11.
11
Let k(y) = -y**3 - 3*y**2 + 3*y - 2. Let x be k(-4). Let r(n) = 5*n - 2. Let v be r(x). Calculate the highest common divisor of 8 and v.
8
Suppose 0 = 5*t + 10 - 0. Let a = 7 - t. Calculate the greatest common divisor of a and 99.
9
Let n be (-3)/(2*-1 - -1). Let q(d) = -4*d**3 + 2*d**2 + 2*d + 1. Let k be q(n). Let r = k + 148. What is the greatest common divisor of 13 and r?
13
Let n(p) = -p**2 + 2. Let f be n(0). Let q = f + 2. What is the highest common divisor of q and 2?
2
Let x = 2 - 0. Suppose -4*g + g = -30. Calculate the highest common factor of g and x.
2
Suppose 3*i = 40 + 8. Suppose 4*u = 3*v - 12, v - 3*v + 2*u = -8. Calculate the highest common divisor of v and i.
4
Let r(b) = 3*b**2 + 2*b + 3. Let l be r(-2). Let d = -11 - -13. Suppose 4*w + 5 = -3*i, -i = -0*i + d*w + 3. What is the greatest common factor of l and i?
1
Let q(r) = -r + 1. Let w be q(1). Suppose 4*g - 12 - 4 = w. Suppose 138 = g*v - 502. What is the highest common factor of v and 20?
20
Suppose w + 11 = 2*z, 0 = 5*w + 3*z - 5*z + 47. Let p = -5 - w. What is the highest common divisor of 4 and p?
4
Let d(b) = -3*b - 58. Let o be d(-26). What is the greatest common factor of 20 and o?
20
Let a(x) = x**3 + 8*x**2 - 6*x + 9. Suppose -5*w = 5*s + 16 + 44, 2*s = -10. Let z be a(w). Calculate the greatest common divisor of z and 20.
20
Let z be 5 + 2/(2/(-1)). Let w be 8/6 + z/(-12). Calculate the highest common factor of w and 1.
1
Let n = 7 + -9. Let t(k) = -k**3 - 2*k**2 - 2*k - 2. Let g be t(n). Calculate the greatest common divisor of g and 6.
2
Suppose -10 = 5*a - 0. Let s = a - -4. Let y be 11*s - (-2 + 0). What is the greatest common divisor of 6 and y?
6
Suppose -4*y - u = -2*u - 96, 5*u = 2*y - 48. Calculate the greatest common divisor of 16 and y.
8
Let f be -1*(-1 - (17 - 1)). Suppose 0*d - d + f = 2*k, -39 = -3*d - 2*k. What is the highest common divisor of 33 and d?
11
Let p(d) = 3*d - 52. Let u(m) = m - 17. Let s(y) = 2*p(y) - 7*u(y). Let k be s(7). Calculate the highest common factor of k and 88.
8
Suppose -4*s = -9*s + 25. Suppose 0 = -5*k + 2*q + 58, 0*q + 20 = 4*k + 5*q. Calculate the greatest common factor of s and k.
5
Let x = 13 - -10. What is the highest common factor of x and 207?
23
Let k = 2 + 0. Suppose -k*o + 40 = -24. What is the greatest common divisor of 8 and o?
8
Suppose -2 = y - 3*t, 0*y + 2*y - 18 = -5*t. Suppose 380 = y*d + b + 85, -4*d + 2*b + 310 = 0. What is the greatest common factor of d and 30?
15
Let u = 2 + 7. Suppose u*j = 4*j. Suppose j = 2*o - 0 - 120. What is the highest common factor of o and 24?
12
Let r = 18 - 5. What is the greatest common divisor of 52 and r?
13
Let g = 71 - 41. Suppose 6*s - g = 4*s. Calculate the greatest common factor of s and 5.
5
Let h be (3/(-4))/((-2)/(-48)). Let z = h - -36. What is the greatest common divisor of 90 and z?
18
Suppose 0 = n + 18 - 88. Calculate the greatest common factor of n and 14.
14
Let c(o) = -45*o. Let a be c(-2). Calculate the greatest common divisor of a and 10.
10
Suppose 12*k - 6*k = 270. What is the highest common divisor of 15 and k?
15
Let b be 0/(1*(-1)/1). Suppose 2*q - 11 - 15 = b. Calculate the highest common factor of q and 13.
13
Suppose 236 = 4*r + l, 0 = r + 4*r + 3*l - 288. What is the greatest common divisor of 24 and r?
12
Let m(w) = w**2 - w - 1. Let p be m(-2). What is the greatest common factor of p and 20?
5
Suppose 0 = 3*i - 12, 7*t = 2*t + 3*i - 27. Let h(b) = 3*b - 3. Let m be h(2). Let q = m - t. What is the greatest common factor of 66 and q?
6
Suppose 8 = l - 0*l. Let t(x) = x**3 - 9*x**2 + 7*x + 8. Let j be t(l). Let y = 5 - j. Calculate the greatest common factor of y and 55.
5
Suppose 0 = -3*b - 1 - 5. Let n be b - 0 - 0 - -22. Calculate the highest common divisor of n and 180.
20
Suppose 9 = -2*y + 81. What is the greatest common factor of y and 4?
4
Suppose 115 = z + 4*z. What is the highest common factor of 23 and z?
23
Let s = -288 - -414. What is the greatest common divisor of s and 14?
14
Suppose -t - g = -2*t + 18, 1 = -g. Calculate the greatest common divisor of 85 and t.
17
Suppose m = 3*m - 110. Suppose z + 20 = -p - 18, 5*p - 4*z = -145. Let c be p/2*8/(-6). What is the highest common divisor of m and c?
11
Let z be (51/12)/(7/84). Calculate the highest common divisor of 17 and z.
17
Suppose 0 = v + 4*v - 2*g - 132, -3*v + 104 = 5*g. Suppose -5*w = -195 - 155. What is the highest common factor of v and w?
14
Suppose 4*k - 16 = -3*h + 68, 0 = -2*h + 4*k + 76. What is the highest common factor of 64 and h?
32
Let g(m) = -m**3 + 2*m**2 - 2*m. Let h be g(4). Let i = 218 + -310. Let l = h - i. Calculate the highest common factor of 13 and l.
13
Let j be (10/5)/((-2)/(-6)). Suppose -2*y + 10 + j = 0. Let n(w) = -w**3 + 7*w**2 + 9*w - 1. Let t be n(y). Calculate the highest common factor of 42 and t.
7
Let p be (-2)/11 + (-501)/(-33). Let r = p + -46. Let o = r + 97. Calculate the greatest common divisor of o and 6.
6
Let n(b) = 2*b + 1. Let q be (-58)/(-8) - (-3)/(-12). Let l be n(q). Calculate the highest common divisor of l and 120.
15
Let z be -26*3/(-12)*10. Suppose -3*s + 713 - z = 0. What is the greatest common factor of 24 and s?
24
Let i be 0/((2 - 0)*-1). Suppose a - 6*a + 100 = i. What is the greatest common factor of a and 10?
10
Let w be 8/(-3)*9/(-6). Suppose -1 = -b - w. Let p be 5/((-3)/45*b). Calculate the highest common factor of 5 and p.
5
Suppose 2*d - 2*j = 4, -6*d + d = -j - 10. Let z = 2 - d. Suppose -5*g = -2*a - 135, -2*a = -z*g + 3*g - 65. Calculate the highest common factor of 10 and g.
5
Suppose -10*a + 14*a = 48. What is the greatest common factor of a and 6?
6
Let w be (1 - 3/1) + 0. Let z be 1/(w/(-40)*2). Calculate the greatest common factor of 30 and z.
10
Let o = 49 + -36. What is the greatest common factor of o and 39?
13
Let r be 2/(3/(-21)*2). Let j = r + 13. Suppose 30 = j*m - m. What is the greatest common divisor of m and 66?
6
Suppose 4*a + a - j = 45, 4*a - j = 37. Let h(v) = -5*v + 2. Let d be h(-2). Calculate the greatest common factor of d and a.
4
Suppose -x + 5*x = 20. Suppose -2*u = m - 3*m + 50, 3*m - x*u = 83. What is the greatest common factor of m and 3?
3
Suppose 2*n = -5*j + 419, -4*j = n - 2*n - 343. Suppose 5*i = 1 + 4. Let m be 22 - 4 - (i + 0). Calculate the highest common factor of j and m.
17
Let z(x) = 45*x**2 - x - 2. Let v be z(-1). What is the highest common factor of 4 and v?
4
Let p = 7 + -3. Suppose 5*a = 2*n + 34, -3*n = -p*a + 3*a + 12. Calculate the highest common divisor of 24 and a.
6
Let f(i) = i**2 - i - 1. Let z be f(1). Let u be (6/z)/((-4)/6). What is the highest common divisor of u and 1?
1
Let m = -18 - -39. Suppose -3*k + g + 49 = 2*k, -5*k = 4*g - 54. Let d be (-4)/k - 148/(-20). Calculate the highest common factor of m and d.
7
Let w be 0 + 0 + -2 + 34. Let j = w + -17. Suppose -p - j + 42 = 0. What is the greatest common factor of p and 18?
9
Let d be (-3)/(84/(-8)) + 248/14. Calculate the greatest common factor of d and 36.
18
Suppose 17*a - 14*a - 39 = 0. Calculate the greatest common factor of 13 and a.
13
Let q(a) = a**2 - 4*a + 3. Let v be q(5). Suppose v = m + m. What is the highest common factor of m and 28?
4
Let l be (8/(-10))/((-8)/420). What is the greatest common factor of l and 28?
14
Let r be 259/4 - (-15)/(-20). What is the greatest common divisor of r and 8?
8
Suppose 5*n - 207 = 13. Suppose 220 = 5*l - 3*l. What is the greatest common factor of l and n?
22
Suppose 2*g - i = -0*g - 65, 0 = i + 1. Let b(h) = -h**2 + 2. Let q be b(-5). Let c = q - g. What is the greatest common divisor of 